{"id":9,"date":"2013-01-17T15:36:37","date_gmt":"2013-01-17T14:36:37","guid":{"rendered":"http:\/\/eerrtierraestella.educacion.navarra.es\/diaeerrestella\/?page_id=9"},"modified":"2013-03-11T15:13:55","modified_gmt":"2013-03-11T14:13:55","slug":"i-dia-de-las-escuelas-rurales-de-tierra-estella","status":"publish","type":"page","link":"https:\/\/eerrtierraestella.educacion.navarra.es\/diaeerrestella\/i-dia-de-las-escuelas-rurales-de-tierra-estella\/","title":{"rendered":"I D\u00eda de las Escuelas Rurales de Tierra Estella"},"content":{"rendered":"<p>El 28 de septiembre de 2012, los\/as alumnos\/as de los 9 colegios rurales de Tierra Estella (Ab\u00e1rzuza, Allo, Anc\u00edn, Arr\u00f3niz, Dicastillo, Lez\u00e1un, Murieta, Oteiza y Villatuerta) celebramos el primer D\u00eda de las Escuelas Rurales de Tierra Estella.<\/p>\n<p>Las actividades se realizaron en Murieta y Anc\u00edn. En ellas participaron 350 alumnos\/as y 52 maestros\/as.<\/p>\n<p>La finalidad de \u00e9ste d\u00eda era reivindicar y dar a conocer el modelo de escuela rural y la convivencia entre todo el alumnado y profesorado. Tuvimos suerte con la meteorolog\u00eda\u00a0y el alumnado disfrut\u00f3 mucho.<\/p>\n<p>NOTICIA EN EL PERI\u00d3DICO<\/p>\n<p><a href=\"http:\/\/www.noticiasdenavarra.com\/2012\/09\/29\/vecinos\/estella-y-merindad\/las-escuelas-rurales-de-tierra-estella-reivindican-con-una-fiesta-su-modelo-educativo\">http:\/\/www.noticiasdenavarra.com\/2012\/09\/29\/vecinos\/estella-y-merindad\/las-escuelas-rurales-de-tierra-estella-reivindican-con-una-fiesta-su-modelo-educativo<\/a><\/p>\n<p>&nbsp;<\/p>\n","protected":false},"excerpt":{"rendered":"<p>El 28 de septiembre de 2012, los\/as alumnos\/as de los 9 colegios rurales de Tierra Estella (Ab\u00e1rzuza, Allo, Anc\u00edn, Arr\u00f3niz, Dicastillo, Lez\u00e1un, Murieta, Oteiza y Villatuerta) celebramos el primer D\u00eda de las Escuelas Rurales de Tierra Estella. Las actividades se &hellip; <a href=\"https:\/\/eerrtierraestella.educacion.navarra.es\/diaeerrestella\/i-dia-de-las-escuelas-rurales-de-tierra-estella\/\">Sigue leyendo <span class=\"meta-nav\">&rarr;<\/span><\/a><\/p>\n","protected":false},"author":1,"featured_media":0,"parent":0,"menu_order":0,"comment_status":"open","ping_status":"open","template":"","meta":[],"_links":{"self":[{"href":"https:\/\/eerrtierraestella.educacion.navarra.es\/diaeerrestella\/wp-json\/wp\/v2\/pages\/9"}],"collection":[{"href":"https:\/\/eerrtierraestella.educacion.navarra.es\/diaeerrestella\/wp-json\/wp\/v2\/pages"}],"about":[{"href":"https:\/\/eerrtierraestella.educacion.navarra.es\/diaeerrestella\/wp-json\/wp\/v2\/types\/page"}],"author":[{"embeddable":true,"href":"https:\/\/eerrtierraestella.educacion.navarra.es\/diaeerrestella\/wp-json\/wp\/v2\/users\/1"}],"replies":[{"embeddable":true,"href":"https:\/\/eerrtierraestella.educacion.navarra.es\/diaeerrestella\/wp-json\/wp\/v2\/comments?post=9"}],"version-history":[{"count":10,"href":"https:\/\/eerrtierraestella.educacion.navarra.es\/diaeerrestella\/wp-json\/wp\/v2\/pages\/9\/revisions"}],"predecessor-version":[{"id":37,"href":"https:\/\/eerrtierraestella.educacion.navarra.es\/diaeerrestella\/wp-json\/wp\/v2\/pages\/9\/revisions\/37"}],"wp:attachment":[{"href":"https:\/\/eerrtierraestella.educacion.navarra.es\/diaeerrestella\/wp-json\/wp\/v2\/media?parent=9"}],"curies":[{"name":"wp","href":"https:\/\/api.w.org\/{rel}","templated":true}]}}